s**3 - 6*s - 1. Let a be q(-4). Suppose -a = -5*u - 4*h, -6*h = 3*u - 4*h - 51. What is the highest common factor of 30 and u?
15
Let m(y) = -24*y - 4. Let k(w) = 1 - 4 + 2. Let o(r) = -4*k(r) + m(r). Let d be o(-2). What is the greatest common factor of 6 and d?
6
Let q be 82/14 - (-3)/21. Calculate the greatest common factor of q and 48.
6
Let a = 5 + -1. Suppose 0*c - 304 = -a*c. Suppose 238 = 3*g + c. Calculate the highest common factor of g and 6.
6
Suppose -4 = -2*y - 0. Let q be (-16)/(-6)*3/y. Let g(a) = a**2 - 4*a + 4. Let j be g(q). Calculate the highest common factor of 2 and j.
2
Let k be (-2 + 1)*(-44 + 2). What is the greatest common factor of k and 14?
14
Let g(t) = t**3 + 7*t**2 - 10*t - 18. Let l be g(-7). Let q = -20 + 33. Calculate the greatest common divisor of l and q.
13
Suppose 5*l + 4*u - 2 = 4*l, 3*l = 3*u + 51. What is the greatest common factor of 56 and l?
14
Let b = -4 - -4. Suppose b = 3*s - 2*s - 1. Calculate the highest common divisor of 2 and s.
1
Suppose -79 = 4*s + 49. Let f = s + 45. Let y be 52*6/(-16)*-6. Calculate the greatest common factor of f and y.
13
Suppose 4*o = -4*y - 22 - 74, 5*o + 20 = 0. Let i be y/12*(-37 + 1). Calculate the highest common divisor of i and 6.
6
Suppose -2*k + 2569 = 5*l, 2050 = -l + 5*l - k. What is the highest common factor of 57 and l?
57
Suppose -4*h + 759 = -h + 4*m, 0 = m + 3. Suppose -5*d - o = -0*o - 440, 3*d + 2*o = h. Suppose d = 5*y - 11. What is the greatest common factor of y and 4?
4
Let u(c) = 2*c - 4. Let b be u(-3). Let q be 72*(b/(-4) + -2). Let z be -3 + 0 + 1 - -8. What is the greatest common divisor of z and q?
6
Let g(q) be the first derivative of q**2 + 7*q + 2. Let i be g(6). What is the greatest common factor of i and 209?
19
Suppose -324 - 106 = -5*r. Let o = r + 2. Let y be 20/6*(-12)/(-5). Calculate the greatest common divisor of y and o.
8
Let i(n) = -n**2 - 17*n - 9. Let d be i(-13). Suppose 0 = 3*o - 4*c - 34, 5*c = -2*o + o + d. Calculate the greatest common factor of 6 and o.
6
Let b(u) = -7*u - 1. Let j be b(-3). Let w = 1 + -1. Suppose w = -5*c + 10. Calculate the highest common factor of c and j.
2
Let j be (-2)/(-10) + 14/5. What is the highest common factor of j and 21?
3
Let n = 30 - 17. Let l = n + 7. What is the highest common factor of 40 and l?
20
Let s be 3 + (-3 - -3) + 157. Calculate the highest common divisor of s and 64.
32
Let g be 8/12 - 26/(-6). Suppose 5 = g*p - 5. Calculate the greatest common divisor of 20 and p.
2
Suppose 6*g - 3*h = 3*g + 51, -h = 4*g - 43. Calculate the greatest common factor of g and 36.
12
Let f(g) = g + 4. Let p be f(-2). Suppose -p*w - 1 = -5. Suppose 0 = 4*n + 4, 5*n = 3*s + 35 - 94. Calculate the highest common factor of s and w.
2
Let h = -117 + 189. Calculate the greatest common divisor of 18 and h.
18
Let p = 7 - 7. Suppose -u = -5*b - p*b + 23, 3*u = 6. What is the greatest common divisor of 5 and b?
5
Suppose 3*l - 26 = -23. Calculate the highest common factor of 8 and l.
1
Suppose 3*i - 16 = i. Let m = 121 - 81. What is the highest common divisor of i and m?
8
Let d = -6 - 2. Let b be d/(-2) - 1 - -6. Suppose a = -0*a + 9. What is the highest common factor of b and a?
9
Suppose -3 = -2*j + j. Let s be -4 - (20/(-2) + j). Calculate the highest common divisor of s and 27.
3
Let n(u) = u**2 - 6*u - 6. Let c be n(5). Let z = c - -63. Let h = z - 12. What is the highest common factor of 5 and h?
5
Let a(l) = l**3 + 7*l**2 - 10*l + 12. Let f be a(-8). Calculate the greatest common divisor of 196 and f.
28
Let f(q) = 15*q**2 - 2*q - 1. Suppose z = -2*i + 1, -2*i - 1 - 7 = -2*z. Let k be f(i). What is the highest common factor of 64 and k?
16
Suppose 4*s - 3*s = -5, -5*p + 45 = s. Suppose 3*z - 31 = -p. Let v be 2/7 + 243/7. Calculate the highest common factor of v and z.
7
Let s be ((-6)/(-10) - (-7)/5)*1. Calculate the greatest common factor of 18 and s.
2
Suppose -7*g = -2*g - 45. Let z = g + 6. Let l(b) = 8*b**2 + 2*b. Let r be l(-4). Calculate the highest common divisor of z and r.
15
Let w(b) = b - 3. Let u be w(7). Suppose 0*j - 50 = -u*j - 3*h, 3*h = 3*j - 27. Calculate the highest common divisor of 11 and j.
11
Let w be 366/13 - 10/65. Calculate the greatest common divisor of 70 and w.
14
Let l be (-5)/1 - (-4 - 6). Calculate the highest common divisor of 80 and l.
5
Let j = 2 - 2. Let v(a) = a - 2. Let w be v(j). Let z be (9 - 2) + 0/w. Calculate the greatest common divisor of z and 28.
7
Suppose -3*f - 64 = -5*f. Calculate the highest common divisor of f and 8.
8
Let q be 0/3*3/6. Suppose 3*j + 25 + 1 = 5*y, q = 2*j - 4*y + 16. Let l be (25/(-2))/(2/j). What is the greatest common factor of l and 15?
15
Let s = 0 + 3. Let r(g) = 6*g**2 + g. Let f be r(-1). Let o be 2/f - (-174)/15. Calculate the greatest common divisor of s and o.
3
Let n(a) = -a + 48. Let u be n(0). Let m = 6 + -4. Suppose m*p + p = u. Calculate the greatest common factor of 2 and p.
2
Suppose -975 = -12*q - q. What is the highest common factor of q and 25?
25
Suppose 1 = m - 6. Suppose 0 = m*u - 4*u. Suppose l - 75 = -u*l. Calculate the highest common factor of 15 and l.
15
Let p(l) = 12*l**2. Let q be p(-1). Suppose -3*m + 6*m = 12. Suppose 2*t = -2*d - 5 + 39, m*d + 3*t = 63. What is the greatest common divisor of q and d?
12
Let b be (20/2 - -2) + 1. Suppose 0 = -2*q + 1 - 5. Let c(y) = 24*y**2 + 2*y - 1. Let z be c(q). Calculate the greatest common divisor of b and z.
13
Suppose n + 3*n = 64. Suppose -4*b = -3*b - n. What is the highest common factor of b and 24?
8
Suppose 11*s - 62 = 15. What is the highest common divisor of s and 14?
7
Let k = -20 - -7. Let t = -6 - k. Calculate the highest common divisor of 28 and t.
7
Let b = 61 - 47. Calculate the highest common divisor of b and 35.
7
Suppose h + 2*v + 3*v - 21 = 0, -2*h + 53 = -v. Let y be 1 - (-75)/2*50/75. What is the highest common divisor of y and h?
26
Suppose -5*p + 250 = -5*d, 0 = p - 0*p. Let y be (-1)/(-1 + d/(-52)). What is the greatest common divisor of 65 and y?
13
Let p(d) = -d + 25. Let k be p(4). Calculate the greatest common divisor of 35 and k.
7
Let a = -22 - -31. Let f be 6*(-10)/(-4)*a. What is the highest common factor of f and 15?
15
Let j(r) = -2*r + 108. Let b be j(0). Let f = 13 - 1. Calculate the greatest common factor of b and f.
12
Suppose 10*m + 5 = 5*m. Let u be (m + 5 + 2)*2. Calculate the highest common factor of 6 and u.
6
Suppose -f = x + f, 2*f = 5*x + 36. Let b be -34*(9/x + 1). What is the highest common factor of b and 17?
17
Let g(c) = 6 - 2*c**2 + 2*c**2 - 7*c + 2*c**2 - 3*c**2. Let n be g(-7). What is the greatest common factor of 54 and n?
6
Suppose -95 = -4*n - 15. Calculate the greatest common divisor of 80 and n.
20
Let g(f) = -f + 20. Let b = 6 - -3. Let j be g(b). Suppose 169 = 5*o - 4*t, 3*t = o - 15 - 21. What is the greatest common divisor of o and j?
11
Suppose -5*p + 230 = -85. Let c be (-12)/(-1) - (6 - 3). Calculate the greatest common factor of p and c.
9
Suppose -6 = 6*g - 3*g. Let f = 7 + g. Calculate the greatest common factor of 45 and f.
5
Let i(m) = m**3 - 4*m**2 - 7*m + 12. Let s be i(5). Suppose -4*k + s*k = -26. What is the greatest common divisor of 143 and k?
13
Suppose s - 4 = -0. Let k = s - -12. Calculate the highest common divisor of 16 and k.
16
Let x = 475 + -307. Let l(j) = 2*j**2 - 6*j - 15. Let u be l(6). What is the highest common divisor of x and u?
21
Let h(p) = p**2 - 5*p - 6. Let q be h(7). What is the highest common divisor of 16 and q?
8
Let n be 4 - (-8)/(-4) - -2. Suppose -6*b + 4*b = 4*v - 16, b + 22 = n*v. Suppose x + 0*x = 0, 5*f - 200 = 2*x. What is the highest common divisor of v and f?
5
Let p be 20/6*(-3)/(-2). Let y = p + -2. Let z be 1/(3/99*y). Calculate the greatest common factor of z and 121.
11
Suppose 5*z + 312 = 8*z. Let v = z - 49. What is the greatest common divisor of v and 5?
5
Suppose -5*c = -4*g + 54, -70 = -3*g - g - 3*c. Let t be g/6*(-105)/(-20). Calculate the highest common divisor of t and 2.
2
Let u = 18 + -48. Let r be 6/u - (-52)/10. Suppose w + 4*f - 27 = 9, 2*w = -r*f + 66. Calculate the greatest common factor of w and 42.
14
Let j be 4/10 + (-56)/40 - -201. What is the highest common factor of j and 25?
25
Let j be (-3)/(36/105)*(-8 - -4). Cal